ommon factor of 787610 and 820?
410
What is the highest common divisor of 559872 and 4617?
243
What is the greatest common factor of 12875 and 32239?
103
What is the greatest common divisor of 180 and 529668?
36
What is the highest common factor of 55695 and 79?
79
Calculate the highest common divisor of 291831 and 46999.
1093
What is the highest common divisor of 23 and 77257?
23
Calculate the greatest common factor of 98915 and 4015.
365
Calculate the highest common divisor of 2075 and 675.
25
What is the greatest common divisor of 2929 and 1111?
101
What is the greatest common factor of 23380 and 5?
5
Calculate the highest common factor of 21895 and 17365.
755
Calculate the highest common factor of 819 and 2037.
21
What is the greatest common divisor of 7280919 and 9?
9
What is the greatest common divisor of 1316 and 3103786?
658
Calculate the highest common divisor of 32221 and 266.
7
What is the greatest common factor of 1034766 and 3?
3
What is the greatest common divisor of 1386 and 48664?
154
What is the highest common divisor of 18264 and 4584?
24
Calculate the highest common factor of 144 and 106884.
36
Calculate the highest common factor of 4070 and 2090.
110
What is the highest common factor of 8119 and 4393?
23
Calculate the greatest common factor of 119 and 74749.
17
Calculate the greatest common divisor of 796222 and 238.
14
Calculate the greatest common divisor of 318 and 168381.
159
Calculate the highest common divisor of 345932 and 197.
197
Calculate the highest common divisor of 15990 and 41535.
195
What is the greatest common factor of 76612 and 29356?
716
Calculate the greatest common factor of 336 and 1051792.
112
Calculate the highest common factor of 201 and 754219.
67
What is the greatest common divisor of 30 and 2250250?
10
Calculate the greatest common factor of 1632 and 2208.
96
Calculate the highest common divisor of 915 and 67575.
15
What is the greatest common factor of 136 and 14161?
17
Calculate the highest common divisor of 815 and 3456415.
815
Calculate the highest common factor of 1141 and 4389427.
1141
What is the highest common divisor of 1420 and 2810?
10
What is the greatest common factor of 6032 and 99151?
377
Calculate the greatest common divisor of 4009598 and 29.
29
Calculate the greatest common divisor of 636 and 1407468.
636
What is the greatest common factor of 462 and 29491?
77
Calculate the greatest common factor of 6740 and 100.
20
What is the greatest common factor of 4556 and 4369?
17
What is the highest common divisor of 140614 and 9262?
842
What is the greatest common divisor of 138339 and 76?
19
What is the highest common factor of 51 and 78678?
3
Calculate the greatest common divisor of 60800 and 6650.
950
What is the highest common divisor of 76 and 81567?
19
What is the greatest common divisor of 153944 and 728?
56
Calculate the greatest common divisor of 646 and 425.
17
What is the highest common factor of 682 and 126263?
31
What is the highest common divisor of 12462 and 1116?
186
Calculate the greatest common factor of 92246 and 1797.
599
Calculate the highest common factor of 100 and 1781900.
100
What is the greatest common factor of 1 and 11809?
1
Calculate the greatest common divisor of 245016 and 747.
747
Calculate the greatest common divisor of 103740 and 1456.
364
Calculate the greatest common factor of 210846 and 6.
6
What is the highest common factor of 39 and 217867?
13
Calculate the greatest common divisor of 1101 and 10643.
367
What is the highest common factor of 69 and 870872?
23
What is the greatest common divisor of 111 and 407?
37
What is the highest common factor of 48 and 3169344?
48
Calculate the greatest common factor of 57103 and 68.
17
What is the greatest common divisor of 150 and 26820?
30
Calculate the greatest common factor of 11223 and 34443.
387
What is the greatest common divisor of 942 and 15356013?
471
Calculate the greatest common divisor of 690513 and 683.
683
Calculate the greatest common divisor of 14271 and 147333.
201
What is the highest common factor of 1017 and 231989?
113
Calculate the highest common factor of 91 and 72423.
13
What is the highest common factor of 904 and 232?
8
Calculate the highest common factor of 84 and 67384.
4
What is the highest common factor of 125146 and 539?
49
What is the greatest common divisor of 2403 and 1161?
27
Calculate the greatest common factor of 6888 and 1050.
42
Calculate the highest common divisor of 5390 and 700.
70
Calculate the greatest common divisor of 2346 and 29376.
102
Calculate the highest common divisor of 1521 and 6903.
117
Calculate the highest common divisor of 102 and 73302.
6
What is the highest common factor of 2097 and 47?
1
Calculate the greatest common divisor of 4 and 66987.
1
What is the greatest common divisor of 54 and 2300202?
18
Calculate the highest common factor of 1086902 and 446.
446
What is the highest common divisor of 27952 and 16?
16
Calculate the highest common factor of 55 and 115.
5
What is the greatest common factor of 7785 and 180?
45
What is the greatest common divisor of 1779855 and 1610?
805
What is the highest common divisor of 28 and 2423708?
28
Calculate the highest common factor of 12 and 109764.
12
What is the greatest common factor of 1199 and 254624?
109
What is the greatest common divisor of 22265 and 2555?
365
Calculate the greatest common factor of 1162 and 55942.
166
What is the greatest common divisor of 5170 and 423?
47
What is the highest common divisor of 190 and 703190?
190
What is the highest common factor of 267971 and 2057?
187
What is the greatest common factor of 100 and 451350?
50
What is the highest common divisor of 17280 and 10044?
108
What is the greatest common factor of 21 and 9437?
1
What is the greatest common divisor of 34590 and 2490?
30
Calculate the greatest common factor of 7690 and 50.
10
Calculate the highest common factor of 322934 and 854.
122
What is the greatest common factor of 6096 and 72?
24
Calculate the highest common factor of 4870 and 230.
10
Calculate the highest common factor of 41831 and 5672.
709
What is the greatest common factor of 518251 and 842?
421
Calculate the highest common divisor of 44 and 293612.
44
What is the greatest common divisor of 160 and 9860?
20
Calculate the greatest common divisor of 34 and 11305.
17
Calculate the highest common divisor of 196 and 8848.
28
Calculate the greatest common divisor of 1716 and 124.
4
Calculate the greatest common divisor of 377403 and 39.
39
What is the greatest common factor of 20976 and 7452?
276
What is the greatest common factor of 29 and 491057?
29
What is the highest common divisor of 93531 and 15?
3
Calculate the greatest common divisor of 1623635 and 390.
65
What is the greatest common divisor of 4 and 2110?
2
What is the greatest common factor of 174181 and 63?
7
Calculate the greatest common factor of 62799 and 363.
363
What is the greatest common factor of 2499 and 69615?
357
Calculate the highest common divisor of 5828 and 59502.
94
What is the greatest common divisor of 66344 and 16?
8
What is the highest common divisor of 11445 and 560?
35
What is the highest common factor of 27 and 17212932?
27
What is the greatest common factor of 3550806 and 126?
126
Calculate the greatest common factor of 14232 and 24.
24
Calculate the highest common factor of 55521 and 6138.
279
Calculate the greatest common factor of 3658 and 27404.
62
Calculate the greatest common divisor of 453 and 8909.
151
Calculate the greatest common divisor of 27450 and 46425.
75
Calculate the highest common divisor of 382 and 112499.
191
Calculate the highest common divisor of 522 and 441.
9
What is the highest common divisor of 29899 and 174?
29
What is the highest common divisor of 14070 and 798?
42
Calculate the highest common factor of 10092 and 60.
12
What is the highest common factor of 3510 and 138762?
234
What is the greatest common factor of 31250 and 1000?
250
Calculate the highest common factor of 1096 and 16166.
274
Calculate the greatest common divisor of 296608 and 6624.
736
What is the greatest common divisor of 4298 and 798?
14
What is the greatest common divisor of 886 and 7239506?
886
Calculate the highest common divisor of 235800 and 36.
36
Calculate the greatest 